3668 is divided by 45?
23
What is the remainder when 678 is divided by 662?
16
What is the remainder when 9486419 is divided by 2836?
2835
Calculate the remainder when 44204 is divided by 27.
5
What is the remainder when 4692 is divided by 464?
52
Calculate the remainder when 1030 is divided by 945.
85
Calculate the remainder when 3188 is divided by 189.
164
Calculate the remainder when 5865 is divided by 709.
193
What is the remainder when 27727 is divided by 1994?
1805
What is the remainder when 545 is divided by 208?
129
What is the remainder when 3268156 is divided by 27?
22
Calculate the remainder when 22738 is divided by 3787.
16
What is the remainder when 14718 is divided by 46?
44
What is the remainder when 10606 is divided by 493?
253
What is the remainder when 463 is divided by 356?
107
What is the remainder when 3658 is divided by 1785?
88
Calculate the remainder when 55805 is divided by 558.
5
Calculate the remainder when 360 is divided by 48.
24
What is the remainder when 1189 is divided by 76?
49
Calculate the remainder when 1987 is divided by 1951.
36
Calculate the remainder when 87998 is divided by 15.
8
What is the remainder when 46357 is divided by 828?
817
What is the remainder when 32323 is divided by 5386?
7
Calculate the remainder when 6812 is divided by 445.
137
What is the remainder when 1265214 is divided by 41?
36
What is the remainder when 19889 is divided by 829?
822
Calculate the remainder when 1557 is divided by 1154.
403
What is the remainder when 2039308 is divided by 546?
544
Calculate the remainder when 13578 is divided by 648.
618
Calculate the remainder when 928157 is divided by 42.
41
What is the remainder when 757 is divided by 106?
15
Calculate the remainder when 61842 is divided by 214.
210
Calculate the remainder when 153397 is divided by 152.
29
Calculate the remainder when 6601 is divided by 1302.
91
Calculate the remainder when 276989 is divided by 30776.
5
Calculate the remainder when 5279 is divided by 132.
131
What is the remainder when 38549 is divided by 1921?
129
What is the remainder when 38019 is divided by 43?
7
What is the remainder when 1187 is divided by 63?
53
What is the remainder when 1056 is divided by 124?
64
What is the remainder when 2707 is divided by 648?
115
Calculate the remainder when 158280 is divided by 208.
200
What is the remainder when 15358 is divided by 7671?
16
Calculate the remainder when 322841 is divided by 64566.
11
Calculate the remainder when 1639 is divided by 591.
457
What is the remainder when 147585 is divided by 49163?
96
What is the remainder when 480 is divided by 99?
84
Calculate the remainder when 195827 is divided by 28.
23
What is the remainder when 8342 is divided by 2035?
202
Calculate the remainder when 17896 is divided by 531.
373
Calculate the remainder when 1406 is divided by 82.
12
What is the remainder when 1329151 is divided by 59?
58
Calculate the remainder when 8614 is divided by 1221.
67
Calculate the remainder when 32625 is divided by 553.
551
Calculate the remainder when 20633 is divided by 1289.
9
What is the remainder when 195074 is divided by 255?
254
What is the remainder when 56998 is divided by 148?
18
Calculate the remainder when 47048 is divided by 263.
234
What is the remainder when 77930 is divided by 18?
8
What is the remainder when 291199 is divided by 283?
275
Calculate the remainder when 152 is divided by 143.
9
Calculate the remainder when 144885 is divided by 262.
261
What is the remainder when 213819 is divided by 17814?
51
Calculate the remainder when 10981 is divided by 35.
26
What is the remainder when 12293 is divided by 1722?
239
Calculate the remainder when 217455 is divided by 131.
126
Calculate the remainder when 8222758 is divided by 360.
358
Calculate the remainder when 2124 is divided by 99.
45
Calculate the remainder when 166940 is divided by 444.
440
Calculate the remainder when 49022 is divided by 54.
44
Calculate the remainder when 2113553 is divided by 786.
785
Calculate the remainder when 37465 is divided by 12473.
46
Calculate the remainder when 2184 is divided by 36.
24
Calculate the remainder when 70162 is divided by 392.
386
Calculate the remainder when 1511 is divided by 380.
371
What is the remainder when 620 is divided by 577?
43
Calculate the remainder when 358 is divided by 315.
43
What is the remainder when 49636 is divided by 16532?
40
Calculate the remainder when 409551 is divided by 147.
9
What is the remainder when 21118 is divided by 3008?
62
What is the remainder when 3182 is divided by 787?
34
What is the remainder when 6276 is divided by 452?
400
What is the remainder when 1908 is divided by 381?
3
What is the remainder when 17522 is divided by 93?
38
What is the remainder when 13918 is divided by 814?
80
Calculate the remainder when 18022 is divided by 915.
637
Calculate the remainder when 71592 is divided by 530.
42
Calculate the remainder when 92434 is divided by 3696.
34
Calculate the remainder when 437600 is divided by 218798.
4
What is the remainder when 240146 is divided by 976?
50
What is the remainder when 17006 is divided by 146?
70
Calculate the remainder when 239976 is divided by 109.
67
What is the remainder when 3497 is divided by 1145?
62
What is the remainder when 763975 is divided by 8?
7
Calculate the remainder when 643 is divided by 207.
22
What is the remainder when 753699 is divided by 94212?
3
What is the remainder when 11430 is divided by 58?
4
What is the remainder when 1004 is divided by 420?
164
What is the remainder when 696417 is divided by 219?
216
What is the remainder when 58303 is divided by 595?
588
Calculate the remainder when 1570319 is divided by 54.
53
What is the remainder when 21027 is divided by 51?
15
Calculate the remainder when 26603 is divided by 152.
3
Calculate the remainder when 10614 is divided by 51.
6
Calculate the remainder when 1804 is divided by 1232.
572
Calculate the remainder when 365 is divided by 296.
69
What is the remainder when 3609 is divided by 2755?
854
Calculate the remainder when 1045981 is divided by 116219.
10
What is the remainder when 986 is divided by 484?
18
Calculate the remainder when 3778 is divided by 1887.
4
What is the remainder when 11005 is divided by 1098?
25
What is the remainder when 57304 is divided by 2491?
11
What is the remainder when 3560 is divided by 83?
74
Calculate the remainder when 5622 is divided by 289.
131
Calculate the remainder when 12597 is divided by 350.
347
What is the remainder when 21334 is divided by 329?
278
Calculate the remainder when 2604 is divided by 1301.
2
Calculate the remainder when 5622 is divided by 2561.
500
Calculate the remainder when 730 is divided by 173.
38
Calculate the remainder when 69396 is divided by 415.
91
Calculate the remainder when 12332 is divided by 4108.
8
What is the remainder when 1174353 is divided by 1702?
1675
Calculate the remainder when 9607 is divided by 1240.
927
Calculate the remainder when 2242 is divided by 232.
154
What is the remainder when 1003 is divided by 2?
1
What is the remainder when 27468 is divided by 13716?
36
Calculate the remainder when 35193 is divided by 1365.
1068
What is the remainder when 615 is divided by 197?
24
Calculate the remainder when 33485 is divided by 33480.
5
Calculate the remainder when 2096 is divided by 65.
16
Calculate the remainder when 41772 is divided by 1019.
1012
Calculate the remainder when 2002 is divided by 990.
22
What is the remainder when 4966642 is divided by 21?
16
Calculate the remainder when 1355 is divided by 91.
81
Calculate the remainder when 76325 is divided by 90.
5
What is the remainder when 30750 is divided by 67?
64
What is the remainder when 104007 is divided by 95?
77
What is the remainder when 17818 is divided by 37?
21
What is the remainder when 142126 is divided by 29?
26
Calculate the remainder when 70708 is divided by 426.
418
What is the remainder when 16940 is divided by 2235?
1295
Calculate the remainder when 3900 is divided by 95.
5
What is the remainder when 9282 is divided by 57?
48
What is the remainder when 175743 is divided by 143?
139
What is the remainder when 7838 is divided by 2585?
83
What is the remainder when 6850 is divided by 6844?
6
What is the remainder